se -31*a + 29*a - o = 0. Let p(y) = y**2 + 5*y + 3. Determine p(a).
9
Let i(v) be the third derivative of v**6/120 + v**5/60 + v**4/24 + 14*v**3/3 - 5*v**2 - 56. Give i(0).
28
Let m(t) = 9*t + 1 + t**2 - 25 + 2*t + 0*t**2. Let i = 12585 + -12598. Determine m(i).
2
Let a(i) be the second derivative of -i**5/10 + 7*i**4/12 - i**3/3 + 5*i**2/2 + 4*i - 315. What is a(4)?
-19
Let m be 0 - -107 - -2 - 1. Suppose -3*q - m = -c + 2*q, 188 = 2*c + 4*q. Let l = c + -102. Let s(i) = 3*i + 6. Calculate s(l).
-6
Let h(i) be the third derivative of i**5/60 - 23*i**4/24 - i**3/3 + 356*i**2. Give h(22).
-24
Let h(s) = -9*s**2 - 4*s - 5. Let a be h(-2). Let x = a + 39. Suppose -z = -4*r - 17, -x*z = -5*r - 3*z - 16. Let v(w) = w + 3. Give v(r).
-2
Let x(w) be the first derivative of -3/2*w**2 + 4/3*w**3 + w - 12 - 3/4*w**4. What is x(2)?
-13
Let x(l) = 26*l + 1374. Let t be x(-53). Let g(m) = -18*m - 3 - m**2 + 9*m + 7*m. What is g(t)?
-11
Let u(g) = -16*g + 3. Let o be ((-7)/(-21))/(48/9 - 5). Calculate u(o).
-13
Let q(m) be the first derivative of -m**4/4 + 20*m**3/3 + 22*m**2 - 5*m + 1311. Determine q(22).
-5
Let f(g) = -g**3 - 2. Let s(u) be the first derivative of u**4/2 - u**3/3 + u**2/2 + 3*u - 64. Let n(t) = -5*f(t) - 2*s(t). Suppose k = -4 + 1. Determine n(k).
1
Let x(z) be the second derivative of z**3/3 + 17*z**2 + 3241*z. Let c be (-18)/1 - (8 - 7). Determine x(c).
-4
Let w be 26/(-5) - (360/(-25))/(-18). Let j(u) = -3*u**2 - 20*u - 6. Let a be j(w). Let r(z) = -5 - 3 - 4*z**2 - 6*z + 5*z**2. What is r(a)?
-8
Let j(a) = -a**2 + a + 1. Let b(h) = -4*h**2 - 5*h - 3. Let s(y) = b(y) - 3*j(y). Give s(-7).
1
Let i(o) = o**2 - 11*o - 56. Let u = 1337 + -1322. Give i(u).
4
Suppose -p - 2 = -5*o - 3, 4*o = 0. Suppose 0 = -d + 3*a - p, 20 = -3*a + 8*a. Let x(j) = j - 13. Calculate x(d).
-2
Let o(a) = -a - 16 + 27 + 67*a**3 + 16*a**2 - 68*a**3. Determine o(16).
-5
Let i(y) = 6*y - 250. Let j be i(41). Let l(w) = 6*w**2 + 3*w - 5. Calculate l(j).
79
Let l(z) = -z**3 + 36*z**2 - 76*z - 16. Let f be l(34). Let v = 294 + f. Let m(k) = k**3 - 5*k**2 - 4*k - 5. Determine m(v).
7
Let f(q) be the second derivative of q**3/6 + 2*q**2 + 433*q + 2. Let s(i) = i**3 + 10*i**2 - 3. Let a be s(-10). What is f(a)?
1
Let f(l) = 8*l**2 + 2*l - 1. Let v be (-8)/6*(-3 + 0). Let r(s) = s**2 + 2*s - 6. Let t be r(-4). Suppose v*z - 1 - 1 = t*n, n = z. Determine f(n).
9
Let s(z) = z**3 + 33*z**2 + 33*z + 27. Suppose -315 = 10*r + 20*w - 21*w, 3*w + 15 = 0. What is s(r)?
-5
Let v(y) = y**3 + 69*y**2 - 62*y + 560. Let j be v(-70). Let n(s) = s**3 - s**2 + 3*s + 6. Determine n(j).
6
Let a(c) = 2*c + 8. Let f = 732 + -711. Suppose 0 = 12*s + 27 + f. Determine a(s).
0
Suppose -8 = -2*t - 2*j, -2*t + 4 = -3*t + 3*j. Let r(w) be the third derivative of -1/30*w**5 + 0 + 0*w + 1/6*w**3 + 1/24*w**4 - 3*w**2. Calculate r(t).
-5
Let t(j) be the third derivative of -j**6/120 - j**5/12 + 2*j**4/3 + 9*j**3/2 + 5*j**2 - 236. What is t(-7)?
13
Let i(k) = -2*k - 29. Let h be 56/(-280) + (-342)/15. Determine i(h).
17
Let s(z) = z - 3. Let f(q) = -q**2 - 20*q - 15. Let n be f(-19). Suppose 23*j + n = 25*j. Suppose 3*u - j = 5*a + 2, -2*u - 5*a = 39. Determine s(u).
-10
Suppose -251*b - 14 = -253*b. Let x be (-2)/b - ((-45)/(-63) - 1). Let g(r) = r**2 + r - 1. Determine g(x).
-1
Let p = -7732 - -7738. Let m(d) = -7*d**3 + 3*d + 1. Let z(c) = 6*c**3 - c**2 - 2*c - 2. Let v(w) = 5*m(w) + 6*z(w). Calculate v(p).
11
Let h(b) = 5 + 115941*b + 115937*b - 231877*b. Give h(6).
11
Let m(o) = -3*o**2 - 4*o + 4. Let r be (-4)/5*(27 + -22) + 2. Let w(a) = -4*a**2 - 7*a + 5. Let g(z) = r*w(z) + 3*m(z). Determine g(-2).
-6
Let b be (4/(-9))/(6/15 + 16/(-90)). Let g(a) = -31*a - 3. Determine g(b).
59
Let j(t) = t**2 - 3*t - 12. Let m(u) = -122*u - 52. Let o be m(-2). Let l = 197 - o. Calculate j(l).
-2
Let p(q) = q**2 - q - 4*q - 3 + 3*q - 5*q**3 + 3*q**3. Suppose 0 = i + 4*m + 2, -602*m + 601*m = 3*i + 6. Give p(i).
21
Let q(i) = -269*i**3 + 542*i**3 - 272*i**3 - 1 + 3 + 1. Calculate q(4).
67
Let r(j) = 592*j - 7 - 3*j**3 + 589*j - 1769*j + 589*j + 15*j**2. Determine r(5).
-2
Suppose -14*a + 317 - 108 = -449. Let f(p) = 5*p - 227. Give f(a).
8
Let s(g) be the first derivative of g**4/4 - 5*g**3/3 - 5*g**2/2 + 1. Let u(c) = -71*c - 11283. Let m be u(-159). Determine s(m).
6
Suppose -205*t - 3184 = 5836. Let u(z) = 2*z**2 + 89*z + 51. Determine u(t).
7
Suppose 4*r - 30 + 6 = 0. Let v = 9 - r. Let o be 5/(-15)*v + 5. Let n(h) = -2*h + 6. What is n(o)?
-2
Let t(y) = 26*y - 3. Suppose 2*i + 12 = -4*a, 6*i + 14 = 9*i - 10*a. Calculate t(i).
-55
Let i = -441 + 436. Let o(t) = -7*t - 17. Determine o(i).
18
Let c = 492 - 489. Suppose c*a - 4*q + 29 = 8*a, 3*q = 3*a - 12. Let s(n) = n**3 - 3*n**2 - 6*n - 7. What is s(a)?
13
Let t(v) = -v**3 + 4*v**2 - 3*v. Suppose 5*x - 90 = -5*x. Suppose -r + 3*k = x, 0 = r + 4*k - 23 + 4. Determine t(r).
0
Suppose 8*y + 46 = -3*n + 4*y, 3*n = 2*y - 22. Let a(m) = m**3 + 9*m**2 - 12*m - 8. Give a(n).
12
Let h = -62461 - -62466. Let p(w) be the third derivative of w**4/24 + 4*w**3/3 + 3*w**2. What is p(h)?
13
Let p(z) = -9*z - 17. Suppose -97*k = -98*k - 2*i - 18, -k - i - 13 = 0. What is p(k)?
55
Let r be 0*(-6)/12*-1. Let y(q) = 103*q + 3 + 3*q**2 - 4*q**2 + r*q**2 - 104*q. Calculate y(-3).
-3
Let d(c) = c**2 - 11*c - 12. Let p = 7102 - 7092. What is d(p)?
-22
Let z(f) = f**2 + 16*f - 26. Let m = 2925 + -2944. Determine z(m).
31
Let y(l) = -l**2 - 7*l - 5. Suppose 5*p - 5 = 4*g, -5*p - 3 = -4*p. Let t be y(g). Let f(d) = -28721*d**2 - 10 + 4 + 28720*d**2 + 6*d. What is f(t)?
-1
Let w(x) = -x**3 - 16*x**2 - 8*x - 129. Let m be w(-16). Let b(h) be the first derivative of 3*h**4/2 + h + 45. Determine b(m).
-5
Let d(x) = -x**3 - 32*x - 15*x**2 + 4*x**2 + 10*x**2 + 3 + 12*x**2. Calculate d(6).
-9
Suppose 6*i - i - t - 15 = 0, -4*i - 3*t + 12 = 0. Let h be (3 + 2 - i) + 1. Let l(y) = y**2 - 3 + 0*y**2 - 2*y**2 - 3 + h*y. Calculate l(5).
-16
Let y(d) = -d**3 - 32*d**2 - 252*d + 38. Let h be y(-17). Let a(g) = -g**3 - 10*g**2 + 39*g - 3. Determine a(h).
-3
Let r(x) = -3*x**3 - 10*x**2 - 3*x + 4. Let i(s) = -3*s**3 - 11*s**2 - 3*s + 5. Let l(u) = 6*i(u) - 7*r(u). Suppose -1663 = -18*n - 1699. Give l(n).
-12
Suppose -3*q - 62 = -53. Let m(y) be the first derivative of -y**3/3 - 3*y**2/2 - 5*y - 8. What is m(q)?
-5
Let g(k) = -3*k**3 + 21*k**2 + 68*k + 29. Let x(t) = 2*t**3 - 14*t**2 - 45*t - 19. Let b(u) = 5*g(u) + 8*x(u). What is b(9)?
-25
Let k = 11261 - 11249. Let c(x) be the second derivative of -x**5/20 + 11*x**4/12 + 2*x**3 - 9*x**2 - x. What is c(k)?
-18
Let z(a) be the first derivative of 2*a + 0*a**2 + 61 - 1/3*a**3. Give z(0).
2
Let y(u) = u**2 + 14*u + 12. Suppose -14*q + 42*q = -1512. Let i(x) = -x - 67. Let b be i(q). Give y(b).
-1
Let z(w) be the third derivative of w**6/120 - 2*w**5/5 - 13*w**4/12 - 9*w**3/2 + 179*w**2 + 2*w + 1. What is z(25)?
-52
Let r be -129*(-2)/9*3. Let n(p) = -7*p**2 - r - p**3 + 3*p**2 + 83. Determine n(-4).
-3
Let h(v) = 8*v - 3. Let l be h(2). Let o(u) = 44*u - 106*u**2 - 28*u - 126*u**2 - 6 - 120*u**2 + 351*u**2. Calculate o(l).
33
Let k(j) be the first derivative of 1/4*j**4 - 3*j**3 - 3*j + 16 + 9/2*j**2. Determine k(8).
5
Let k(h) = 190*h + 110. Let w(b) = -67*b - 38. Let t(m) = 6*k(m) + 17*w(m). Let l(s) = s**2 - 7*s - 5. Let p be l(7). Calculate t(p).
9
Let w(x) = -27*x - 119. Let b(k) = 42*k + 180. Let u(a) = -5*b(a) - 8*w(a). What is u(-9)?
-2
Let o(f) be the first derivative of 0*f**3 + 18 - 1/2*f**2 - 11/4*f**4 + f. Let x be 4 - (4 - (0 + 1)). Calculate o(x).
-11
Let k(l) = -l - 3. Let o(u) be the second derivative of u**5/20 - 17*u**4/12 - u**3/6 + 6*u**2 + 40*u. Let m be o(17). Calculate k(m).
2
Suppose 5*l = 3*t - 17, 26*t - 28*t + 9 = -l. Let i(u) = 2*u**3 - 12*u - 11. Determine i(l).
-1
Let m be ((13 - 14)*428)/(-1 + 2). Let t = -426 - m. Let y(a) = -5*a. Determine y(t).
-10
Suppose 475*q - 487*q - 168 = 0. Let j(s) = -s + 2. Calculate j(q).
16
Let h(i) = i**2 + 2*i. Let q(t) = t**2 + 5*t + 18. Let x be q(-3). Suppose -c = -k - 8, 0 = -3*k - 2*c - 2 - x. Let a be 4/k*(30/4)/5. What is h(a)?
-1
Let r(k) = k**3 + 4*k**2 + 2*k + 6. Let d(n) = n**2 + 9*n + 16. Suppose -3*x + 8 = -3*g + 14, 0 = -2*x + 5*g + 5. Let b be d(x). Give r(b).
-2
Let 